inder when p is divided by 77.
74
Suppose -175 = -5*n - 65. Suppose -v - 5*z + 0 = -2, v - n = 5*z. What is the remainder when 1*(1166/v - 7/42) is divided by 20?
17
Let l(d) be the second derivative of 1/20*d**5 - 1/4*d**4 + 15*d + 0 + 0*d**3 + 5/2*d**2. What is the remainder when 60 is divided by l(4)?
18
Let q(w) = -w**3 - w**3 + 6*w**2 + 7 - 8*w**2 - w - w**2. What is the remainder when q(-4) is divided by 50?
41
Suppose 0 = -158*a + 17523 + 53893. Calculate the remainder when a is divided by 97.
64
Suppose -7 + 22 = 5*d, -4*q + 3*d = -103. Suppose 3*j + 57 = 3*p, 27*p + 4 = q*p + 4*j. What is the remainder when p is divided by 10?
6
Let a(h) = 2*h + 22. Let p be (-4)/16 + 129/(-12). Let g be a(p). Suppose q + g*q - 21 = 0. Calculate the remainder when q is divided by 6.
3
Suppose 2*w - 602 = 4*j, 10*w - 889 = 7*w + 4*j. What is the remainder when 1441 is divided by w?
6
Calculate the remainder when 635 is divided by (31 + -29 - 42*-5) + (-2)/2.
2
Suppose 3*f + 39 = 273. Suppose 160*p = 166*p - 168. Suppose -89 = -3*l + 2*s, -3*l + p*s = 31*s - 69. What is the remainder when f is divided by l?
24
Let s = 1717 - 1643. Calculate the remainder when s is divided by 19.
17
Suppose 286 = 4*q - 4*b - 34, -5*b = -q + 48. What is the remainder when 685 is divided by q?
69
Let z be ((-60)/(-35) - 1)*7. Let v = z + 48. Let m = v - 21. What is the remainder when m is divided by 12?
8
Suppose -388*v - 260 + 693 = -1119. Calculate the remainder when v is divided by (-1)/3 - (-14)/6.
0
Suppose -q + 232 = -4*y, y = 5*q + 272 - 1432. Suppose 0 = -5*t + 5*r - 2*r + 226, -t + 5*r = -32. What is the remainder when q is divided by t?
44
Suppose 0 = -f - j + 5, 25 = f - 11*j + 7*j. What is the remainder when 23 is divided by f?
5
Suppose 0 = 10*g - 617 - 250 + 87. What is the remainder when 354 is divided by g?
42
Let f be ((-42)/77)/(22/(-121)). Suppose 4*j - 7 - 1 = 0. Suppose 5*v = 3*p + 65, 0 = j*v + f*p - 39 - 8. What is the remainder when 78 is divided by v?
14
Let d be (588/(-20) + -3)/(8/40). Let y = d + 173. What is the remainder when 108 is divided by y?
9
Let b = 113 - -82. Suppose -1341*w - 238 = -1343*w + 4*z, -4*w = -3*z - 431. Calculate the remainder when b is divided by w.
94
Let g(k) = 3*k**3 - 45*k**2 - 2*k + 40. Let d be g(15). Suppose 0 = -2*s + 50 - 4. Let o = s - d. Calculate the remainder when 74 is divided by o.
9
Calculate the remainder when ((-18)/(-4))/(1530/45560) is divided by 62.
10
Suppose 0 = -61*q + 57*q. Suppose -4*b + 12 = q, 0*s + 6 = s + b. Suppose -5*d + 82 = -s*d. What is the remainder when d is divided by 14?
13
Suppose 30 = 5*z, -3*x - 567 + 1602 = -2*z. Suppose 3*u + 2*u = 110. Calculate the remainder when x is divided by u.
19
Let n = -122 + 126. Suppose 0 = -3*p - 4*z + 100, 2*p + n*z = 69 - 1. What is the remainder when 91 is divided by p?
27
Suppose -2*a + w - 2*w = -9, -3*a - 4*w = -1. What is the remainder when (-4)/(-6) - (-6025)/75 is divided by a?
4
What is the remainder when (-2 + 1)*(5*-16 + 1) is divided by 180/21 - (-24)/56?
7
Let a = -9 - -72. Suppose -a = -5*m + 32. Calculate the remainder when (5*(-940)/250)/(2/(-5)) is divided by m.
9
Let b(r) = 110*r**2 - 8*r + 1. What is the remainder when b(2) is divided by 86?
81
Suppose -2*t = -4*a + 8, -t - 5*a = -1 + 26. Calculate the remainder when (-946)/(-7) + t/70 is divided by 10.
5
Suppose -2*y + l + 4190 = 0, 0 = 3*y + 170*l - 175*l - 6278. What is the remainder when y is divided by 60?
56
What is the remainder when 3086 is divided by ((-672)/(-72))/((-56)/(-48))?
6
Suppose -7*i = -53 - 45. Let u = 53 - i. Let f = 5 + u. Calculate the remainder when f is divided by 15.
14
Let p(l) = l**3 - 8*l**2 + 4*l + 21. Let r be p(7). What is the remainder when 0 + 4/(-3)*-96 + r is divided by 33?
29
Suppose 33*k = -k + 136. Suppose -k*l + 36*l - 1632 = 0. What is the remainder when l is divided by 7?
2
Let u = -16878 + 16949. What is the remainder when 2821/14 - (-2)/4 is divided by u?
60
Let i be (-3)/2*644/(-21). Suppose 0 = 9*r - 514 + i. What is the remainder when 206 is divided by r?
50
Let x(d) = 5*d**2 + 1. Let y(s) = -s**2. Let p(q) = 2*x(q) + 9*y(q). What is the remainder when 129/(-1 - 0)*11/(-33) is divided by p(-3)?
10
Suppose 5*l - 4*l + 2*r = 190, 5*l = -r + 932. What is the remainder when 744 is divided by l?
0
Let n = -608 - -652. Calculate the remainder when -3*5/15*(5 + -102) is divided by n.
9
Suppose 69 + 8 = 7*g. Suppose 0 = g*t - 199 + 12. Calculate the remainder when 99 is divided by t.
14
What is the remainder when 463 is divided by (-254)/(-127) - (-90 - 2)?
87
Suppose 0 = 4*y + 16 - 140. Suppose -3*j + 33 = 2*p - 258, -3*j - 9 = 0. What is the remainder when p is divided by y?
26
Suppose 2*z + 5*c = 25, 0*z - 5*z + 40 = 5*c. Suppose 6*b + z = 71. Suppose 0 = 5*d, 5*x - 2*d - 3*d = 240. What is the remainder when x is divided by b?
4
Let n(k) = -8*k**2 + 71*k + 17. Let a be n(9). Calculate the remainder when 235 is divided by 6 + 306/(1 + a).
35
Suppose 100*t - 75650 = -156*t + 269694. What is the remainder when t is divided by 32?
5
Suppose -3*l + 46 - 7 = 3*j, -j + 3*l + 29 = 0. Suppose 21*s - 920 = 1684. Let h = s + -91. What is the remainder when h is divided by j?
16
Let b be 2*(4/(-8))/((-1)/(-3)). Suppose 0 = -5*t - 7*x + 2*x + 715, 4*x = 3*t - 415. What is the remainder when t is divided by ((-1)/b)/(5/55)*3?
9
Let s = 183 - 178. What is the remainder when 45*(-12)/(-18) - -4 is divided by s?
4
Let p be -10*(-3 - 12/(-5)). Suppose -3*i - p = -33. Let r = 4219 - 4198. What is the remainder when r is divided by i?
3
Suppose 9716 = 36*g - 9940. Calculate the remainder when g is divided by 151.
93
Let d = -17 + -62. Let l = -52 - d. Calculate the remainder when 51 is divided by l.
24
Let f = 134 - 134. Suppose -x - 2*o + 36 - 4 = f, -4*o + 116 = 4*x. Calculate the remainder when 126 is divided by x.
22
Let j be (-4)/8 - 1*796/(-8). Let s = j - 82. What is the remainder when 167 is divided by s?
14
Let c(p) = -4*p + 78. Let d be c(-6). Let z = d + -56. Calculate the remainder when z is divided by 13.
7
Suppose 0 = 27*n + 560 - 722. Calculate the remainder when 1299 is divided by n.
3
Let t(b) = -12*b - 175. Let w be t(-16). Let z(h) = h**3 - 17*h**2 + 4*h + 38. Calculate the remainder when z(w) is divided by 6.
4
Suppose 0 = f - m - 27, -3*m - 81 = -3*f - 6*m. Let t = 7 + -1. What is the remainder when -5*(2 - 1 - 0) + f is divided by t?
4
Let i(a) = -a**3 + 26*a**2 + 263*a - 40. Calculate the remainder when i(-10) is divided by 930.
0
Let z(s) = s**2 - 3*s - 10. Let j be z(7). Suppose 49 = -h - j. Let v = h + 85. Calculate the remainder when v is divided by 10.
8
Suppose 0 = -4*a - 5*y + 5842, 25*a - 22*a - 5*y = 4364. What is the remainder when a is divided by 64?
50
Suppose 3*a - 844 = -2*q + 368, -q + 2013 = 5*a. What is the remainder when a is divided by 194?
14
Let a = 224 - 157. Let m = -12 + 9. Calculate the remainder when a is divided by 42/3 + 0/m.
11
Let v be 40/22 + 0 + 16/88. Suppose 0*z = -z + 81. Calculate the remainder when z is divided by 10/15*123/v.
40
Let a(x) = -38*x + 1434. What is the remainder when 2322 is divided by a(37)?
26
Suppose -2*i - 3*g - 267 - 158 = 0, 846 = -4*i - 2*g. Let m = i - -246. What is the remainder when m is divided by 12?
11
Let o(y) = 68*y + 1. Suppose 0 = 23*j - 60 - 32. Calculate the remainder when o(1) is divided by (-3)/(-18)*80 - j/(-6).
13
Let c(m) = -m**3 + 14*m**2 - 84*m + 666. Suppose -5*k + 292 = 4*a + 110, -4*a = -3*k + 122. What is the remainder when c(10) is divided by k?
36
Let w = 88 + -47. Let m(h) = -5*h**2 + 75*h + 16. Calculate the remainder when w is divided by m(15).
9
What is the remainder when 4797 is divided by 111 - -78 - ((-28)/10 + (-4)/20)?
189
Suppose 295 = 4*d - o - 61, 336 = 4*d + 4*o. Calculate the remainder when 1406 is divided by d.
86
Suppose 32 = 5*j - 0*j + 4*p, 4*p = j + 8. Suppose 3*q + j*s - 30 = 0, -s + 0 = q - 9. Calculate the remainder when 27 is divided by q.
3
Let l = -4929 + 5069. Calculate the remainder when l is divided by 139.
1
Let m = -271 + 270. Calculate the remainder when -7 + 7 + m*(0 - 79) is divided by 26.
1
Suppose 4*h - 27 = h. Let b = -93282 - -93504. What is the remainder when b is divided by h?
6
Let a(x) = -60*x + 2. Let f be 